16) to base 13
168
What is -132 (base 10) in base 3?
-11220
What is 211110 (base 3) in base 16?
25e
Convert -13311 (base 6) to base 12.
-1237
What is 4a7 (base 12) in base 6?
3131
Convert 185 (base 15) to base 10.
350
Convert 231021 (base 4) to base 12.
1809
What is 446 (base 16) in base 9?
1445
11000010010 (base 2) to base 11
1193
Convert -3737 (base 10) to base 2.
-111010011001
Convert -2223 (base 5) to base 10.
-313
What is -13232211 (base 4) in base 10?
-31653
What is -4405 (base 10) in base 4?
-1010311
What is -2581 (base 14) in base 7?
-25121
Convert 2357 (base 8) to base 15.
593
Convert 202223 (base 6) to base 3.
211001020
Convert 2023 (base 4) to base 16.
8b
Convert 147a7 (base 13) to base 15.
b6ce
7a4 (base 16) to base 4
132210
3e71 (base 15) to base 2
11010001000101
Convert 1363 (base 7) to base 6.
2251
Convert 1200 (base 4) to base 11.
88
What is -93c (base 14) in base 13?
-a9b
Convert -1026 (base 8) to base 6.
-2250
Convert 7400 (base 8) to base 13.
1995
Convert 1024 (base 7) to base 12.
261
16aa (base 12) to base 4
222202
-7e06 (base 15) to base 14
-9a8d
What is 340d (base 14) in base 3?
110101102
27ab (base 13) to base 11
4329
What is 5a (base 15) in base 13?
67
What is 5396 (base 11) in base 9?
10684
Convert -13111130 (base 4) to base 15.
-8d7e
Convert 2232 (base 5) to base 7.
632
Convert -1445 (base 7) to base 4.
-20330
What is 4304 (base 5) in base 12?
403
What is -123021 (base 4) in base 13?
-a38
-1218 (base 14) to base 4
-301112
What is 10245 (base 6) in base 4?
111311
What is -25114 (base 9) in base 2?
-100000111011101
What is -477 (base 11) in base 10?
-568
What is -20c (base 13) in base 8?
-536
Convert 1100011101 (base 2) to base 7.
2216
343032 (base 5) to base 9
17740
What is -b1b (base 16) in base 9?
-3808
Convert -10110000 (base 2) to base 14.
-c8
-ac01 (base 15) to base 9
-55001
-53446 (base 7) to base 3
-200012021
What is -1791 (base 10) in base 9?
-2410
Convert -101011111 (base 2) to base 14.
-1b1
Convert 3491 (base 13) to base 5.
214020
Convert -3380 (base 11) to base 15.
-14b4
What is -60747 (base 10) in base 3?
-10002022220
Convert 8402 (base 11) to base 8.
25576
Convert 12144 (base 8) to base 16.
1464
Convert 201333 (base 4) to base 12.
1313
65597 (base 10) to base 4
100000331
Convert aeb (base 16) to base 2.
101011101011
5335 (base 6) to base 4
102323
111101000 (base 2) to base 3
200002
6037 (base 8) to base 4
300133
Convert 946 (base 10) to base 3.
1022001
What is 421 (base 12) in base 7?
1516
Convert 5e29 (base 16) to base 9.
36053
Convert 12310 (base 4) to base 9.
534
What is -13776 (base 8) in base 15?
-1c47
997 (base 12) to base 11
1073
Convert 39 (base 10) to base 6.
103
Convert -2110303 (base 5) to base 2.
-1000100100000110
What is 1013313 (base 6) in base 8?
137115
3773 (base 11) to base 15
16d0
What is 34147 (base 9) in base 2?
101100011000011
What is -59d (base 16) in base 10?
-1437
1332 (base 8) to base 4
23122
Convert -10737 (base 12) to base 4.
-11110123
What is -1211201001 (base 3) in base 4?
-20312023
Convert -129b5 (base 16) to base 15.
-178ad
What is -602 (base 11) in base 6?
-3212
What is 28478 (base 9) in base 15?
5aee
What is 3508 (base 9) in base 13?
1250
Convert 254021 (base 7) to base 4.
23132132
What is -100100110 (base 2) in base 16?
-126
What is -1204 (base 8) in base 16?
-284
Convert 3421 (base 6) to base 11.
672
Convert 3701 (base 14) to base 5.
301410
What is -3220 (base 8) in base 9?
-2266
Convert -292c (base 14) to base 16.
-1c7c
758 (base 9) to base 3
211222
Convert 939 (base 13) to base 7.
4401
Convert -1022 (base 5) to base 10.
-137
Convert -56604 (base 8) to base 3.
-1012211200
1254 (base 8) to base 7
1665
-2142 (base 15) to base 6
-52325
544a (base 14) to base 5
431240
Convert -268c0 (base 13) to base 14.
-1c256
329 (base 13) to base 9
662
What is 32e (base 15) in base 3?
222122
What is -5151 (base 6) in base 15?
-517
What is 30113 (base 5) in base 4?
131310
Convert -2117 (base 13) to base 8.
-10747
-53da (base 14) to base 13
-67a5
What is -13cf (base 16) in base 12?
-2b27
What is 288 (base 13) in base 14?
242
What is 953 (base 16) in base 13?
1118
What is -1404a (base 12) in base 13?
-c7c3
What is 210112 (base 3) in base 13?
359
Convert -2203 (base 14) to base 11.
-4469
What is -2265 (base 9) in base 14?
-87d
Convert -2102 (base 3) to base 16.
-41
What is -22140 (base 5) in base 12?
-a89
What is -168aa (base 12) in base 3?
-1122102111
What is -1aaa (base 11) in base 8?
-5145
Convert 3634 (base 9) to base 15.
c04
What is -102122 (base 4) in base 11?
-981
What is 120220221 (base 3) in base 9?
16827
Convert -3022300 (base 5) to base 2.
-1011110101000010
33640 (base 9) to base 7
122166
-1000100101101111 (base 2) to base 8
-104557
11 (base 5) to base 9
6
What is 238 (base 9) in base 16?
c5
What is 3211 (base 14) in base 4?
2012333
What is 440120 (base 6) in base 3?
1211211210
Convert 947 (base 13) to base 3.
2011112
What is 110204 (base 6) in base 4?
2032330
Convert 1a2 (base 13) to base 4.
10231
Convert 210001100 (base 3) to base 6.
155013
What is -4030 (base 8) in base 9?
-2752
22a8 (base 13) to base 5
123440
Convert -a28 (base 11) to base 3.
-1200221
What is -6336 (base 14) in base 10?
-17100
What is -9174 (base 13) in base 14?
-7433
What is -111225 (base 6) in base 13?
-4364
Convert 24524 (base 13) to base 15.
14bc5
Convert 600 (base 9) to base 6.
2130
2c67 (base 15) to base 6
112111
What is -30343 (base 5) in base 4?
-132311
What is 15a3 (base 12) in base 16?
a0b
Convert 35413 (base 9) to base 12.
11840
Convert 11aa4 (base 11) to base 8.
41620
-122442 (base 7) to base 16
-57f9
What is 45470 (base 8) in base 10?
19256
Convert -2233 (base 9) to base 11.
-1270
Convert 10b8 (base 15) to base 12.
2078
21202203 (base 4) to base 14
10351
Convert 5c35 (base 14) to base 16.
3ef7
Convert -1010 (base 13) to base 10.
-2210
What is -1010011101 (base 2) in base 13?
-3c6
Convert 14441 (base 6) to base 11.
1828
Convert -3e0 (base 15) to base 5.
-12020
-11230 (base 4) to base 15
-194
-5032 (base 7) to base 14
-8c2
Convert 350452 (base 6) to base 13.
10856
Convert bcd (base 14) to base 4.
210201
What is -24501 (base 6) in base 5?
-104022
What is -3da (base 14) in base 11?
-64a
What is -5147 (base 8) in base 3?
-10122122
Convert -9732 (base 13) to base 15.
-634c
Convert 2203 (base 5) to base 15.
153
-2533 (base 6) to base 11
-526
What is 1c6 (base 16) in base 7?
1216
Convert -dd (base 15) to base 12.
-154
-166 (base 10) to base 6
-434
-12102 (base 3) to base 10
-146
Convert -5ab (base 13) to base 14.
-506
Convert 1001011101011 (base 2) to base 15.
167d
What is 103 (base 5) in base 10?
28
What is -37247 (base 10) in base 7?
-213410
Convert 99e (base 15) to base 4.
201332
What is 10432 (base 6) in base 14?
764
Convert 244431 (base 5) to base 11.
7045
Convert 100300 (base 4) to base 15.
4b7
What is -591 (base 12) in base 13?
-4ba
1101011100011 (base 2) to base 9
10387
What is 3a27 (base 13) in base 5?
231224
What is -44c3 (base 14) in base 4?
-2322123
What is 100000000 (base 2) in base 12?
194
Convert -1343 (base 6) to base 2.
-101011111
What is -110000100101101 (base 2) in base 5?
-1244002
Convert -203202 (base 5) to base 2.
-1101000010101
-11202302 (base 4) to base 13
-a448
What is -166 (base 8) in base 13?
-91
What is -2200 (base 6) in base 14?
-280
Convert 2101210 (base 3) to base 10.
1749
10001001110000 (base 2) to base 9
13075
What is 2804 (base 11) in base 12?
212a
-17ba (base 14) to base 16
-10b8
11321000 (base 4) to base 8
57100
What is 82d (base 14) in base 9?
2177
-12000 (base 3) to base 14
-99
Convert -39b (base 15) to base 6.
-3445
Convert -201 (base 12) to base 8.
-441
20000 (base 4) to base 10
512
What is 2878 (base 14) in base 11?
5421
563 (base 11) to base 3
220222
What is -699 (base 12) in base 3?
-1100100
9428 (base 10) to base 14
3616
Convert -10001 (base 4) to base 15.
-122
Convert -1010000011010 (base 2) to base 11.
-3959
What is 25911 (base 13) in base 11?
48361
27815 (base 10) to base 15
8395
1354 (base 6) to base 15
18d
What is 110322 (base 7) in base 15?
5b16
Convert -46400 (base 9) to base 15.
-927c
Convert 652b (base 14) to base 11.
12154
What is -34440 (base 6) in base 16?
-1338
What is 110020012 (base 3) in base 2?
10001011010011
What is 1947 (base 11) in base 1